{"id":596,"date":"2022-07-01T08:18:39","date_gmt":"2022-07-01T06:18:39","guid":{"rendered":"https:\/\/fernande-lescarret.com\/?page_id=596"},"modified":"2022-07-15T08:11:54","modified_gmt":"2022-07-15T06:11:54","slug":"mes-formations","status":"publish","type":"page","link":"https:\/\/fernande-lescarret.com\/index.php\/mes-formations\/","title":{"rendered":"Mes formations"},"content":{"rendered":"\t\t<div data-elementor-type=\"wp-page\" data-elementor-id=\"596\" class=\"elementor elementor-596\">\n\t\t\t\t\t\t<section class=\"elementor-section elementor-top-section elementor-element elementor-element-4888f28 elementor-section-height-min-height elementor-section-boxed elementor-section-height-default elementor-section-items-middle\" data-id=\"4888f28\" data-element_type=\"section\" data-settings=\"{&quot;jet_parallax_layout_list&quot;:[],&quot;background_background&quot;:&quot;classic&quot;}\">\n\t\t\t\t\t\t<div class=\"elementor-container elementor-column-gap-default\">\n\t\t\t\t\t<div class=\"elementor-column elementor-col-100 elementor-top-column elementor-element elementor-element-4ac9716\" data-id=\"4ac9716\" data-element_type=\"column\">\n\t\t\t<div class=\"elementor-widget-wrap elementor-element-populated\">\n\t\t\t\t\t\t<div class=\"elementor-element elementor-element-7d6fd21 elementor-widget elementor-widget-heading\" data-id=\"7d6fd21\" data-element_type=\"widget\" data-widget_type=\"heading.default\">\n\t\t\t\t<div class=\"elementor-widget-container\">\n\t\t\t\t\t<h2 class=\"elementor-heading-title elementor-size-default\">Mes Formations<\/h2>\t\t\t\t<\/div>\n\t\t\t\t<\/div>\n\t\t\t\t\t<\/div>\n\t\t<\/div>\n\t\t\t\t\t<\/div>\n\t\t<\/section>\n\t\t\t\t<section class=\"elementor-section elementor-top-section elementor-element elementor-element-882d0c5 elementor-section-boxed elementor-section-height-default elementor-section-height-default\" data-id=\"882d0c5\" data-element_type=\"section\" data-settings=\"{&quot;jet_parallax_layout_list&quot;:[],&quot;background_background&quot;:&quot;classic&quot;}\">\n\t\t\t\t\t\t\t<div class=\"elementor-background-overlay\"><\/div>\n\t\t\t\t\t\t\t<div class=\"elementor-container elementor-column-gap-default\">\n\t\t\t\t\t<div class=\"elementor-column elementor-col-100 elementor-top-column elementor-element elementor-element-63e73ff\" data-id=\"63e73ff\" data-element_type=\"column\">\n\t\t\t<div class=\"elementor-widget-wrap elementor-element-populated\">\n\t\t\t\t\t\t<section class=\"elementor-section elementor-inner-section elementor-element elementor-element-80d8dc9 elementor-section-full_width elementor-section-height-default elementor-section-height-default\" data-id=\"80d8dc9\" data-element_type=\"section\" data-settings=\"{&quot;jet_parallax_layout_list&quot;:[]}\">\n\t\t\t\t\t\t<div class=\"elementor-container elementor-column-gap-default\">\n\t\t\t\t\t<div class=\"elementor-column elementor-col-100 elementor-inner-column elementor-element elementor-element-4c26419\" data-id=\"4c26419\" data-element_type=\"column\">\n\t\t\t<div class=\"elementor-widget-wrap elementor-element-populated\">\n\t\t\t\t\t\t<div class=\"elementor-element elementor-element-3b6b67c elementor-widget elementor-widget-jet-listing-grid\" data-id=\"3b6b67c\" data-element_type=\"widget\" data-settings=\"{&quot;columns&quot;:&quot;1&quot;,&quot;columns_mobile&quot;:&quot;1&quot;}\" data-widget_type=\"jet-listing-grid.default\">\n\t\t\t\t<div class=\"elementor-widget-container\">\n\t\t\t\t\t<div class=\"jet-listing-grid jet-listing\"><div class=\"jet-listing-grid__items grid-col-desk-1 grid-col-tablet-1 grid-col-mobile-1 jet-listing-grid--598\"  data-nav=\"{&quot;enabled&quot;:false,&quot;type&quot;:null,&quot;more_el&quot;:null,&quot;query&quot;:[],&quot;widget_settings&quot;:{&quot;lisitng_id&quot;:598,&quot;posts_num&quot;:6,&quot;columns&quot;:1,&quot;columns_tablet&quot;:1,&quot;columns_mobile&quot;:1,&quot;is_archive_template&quot;:&quot;&quot;,&quot;post_status&quot;:[&quot;publish&quot;],&quot;use_random_posts_num&quot;:&quot;&quot;,&quot;max_posts_num&quot;:9,&quot;not_found_message&quot;:&quot;No data was found&quot;,&quot;is_masonry&quot;:false,&quot;equal_columns_height&quot;:&quot;&quot;,&quot;use_load_more&quot;:&quot;&quot;,&quot;load_more_id&quot;:&quot;&quot;,&quot;load_more_type&quot;:&quot;click&quot;,&quot;load_more_offset&quot;:{&quot;unit&quot;:&quot;px&quot;,&quot;size&quot;:0,&quot;sizes&quot;:[]},&quot;use_custom_post_types&quot;:&quot;&quot;,&quot;custom_post_types&quot;:[],&quot;hide_widget_if&quot;:&quot;&quot;,&quot;carousel_enabled&quot;:&quot;&quot;,&quot;slides_to_scroll&quot;:&quot;1&quot;,&quot;arrows&quot;:&quot;true&quot;,&quot;arrow_icon&quot;:&quot;fa fa-angle-left&quot;,&quot;dots&quot;:&quot;&quot;,&quot;autoplay&quot;:&quot;true&quot;,&quot;autoplay_speed&quot;:5000,&quot;infinite&quot;:&quot;true&quot;,&quot;center_mode&quot;:&quot;&quot;,&quot;effect&quot;:&quot;slide&quot;,&quot;speed&quot;:500,&quot;inject_alternative_items&quot;:&quot;&quot;,&quot;injection_items&quot;:[],&quot;scroll_slider_enabled&quot;:&quot;&quot;,&quot;scroll_slider_on&quot;:[&quot;desktop&quot;,&quot;tablet&quot;,&quot;mobile&quot;],&quot;custom_query&quot;:false,&quot;custom_query_id&quot;:&quot;&quot;,&quot;_element_id&quot;:&quot;&quot;}}\" data-page=\"1\" data-pages=\"1\" data-listing-source=\"posts\" data-listing-id=\"598\" data-query-id=\"\"><style>.elementor-598 .elementor-element.elementor-element-391d5ef > .elementor-container{max-width:1750px;}.elementor-bc-flex-widget .elementor-598 .elementor-element.elementor-element-8f0f02c.elementor-column .elementor-widget-wrap{align-items:center;}.elementor-598 .elementor-element.elementor-element-8f0f02c.elementor-column.elementor-element[data-element_type=\"column\"] > .elementor-widget-wrap.elementor-element-populated{align-content:center;align-items:center;}.elementor-598 .elementor-element.elementor-element-6d90837 .elementor-wrapper{--video-aspect-ratio:1.77777;}.elementor-598 .elementor-element.elementor-element-78a98ba > .elementor-container{max-width:1750px;}.elementor-bc-flex-widget .elementor-598 .elementor-element.elementor-element-fc84283.elementor-column .elementor-widget-wrap{align-items:center;}.elementor-598 .elementor-element.elementor-element-fc84283.elementor-column.elementor-element[data-element_type=\"column\"] > .elementor-widget-wrap.elementor-element-populated{align-content:center;align-items:center;}.elementor-widget-heading .elementor-heading-title{font-family:var( --e-global-typography-primary-font-family ), Sans-serif;font-weight:var( --e-global-typography-primary-font-weight );color:var( --e-global-color-primary );}.elementor-598 .elementor-element.elementor-element-4ca7291 .elementor-heading-title{font-family:\"Vladimir\", Sans-serif;font-size:100px;font-weight:500;color:#887B70;}.elementor-widget-text-editor{color:var( --e-global-color-text );font-family:var( --e-global-typography-text-font-family ), Sans-serif;font-weight:var( --e-global-typography-text-font-weight );}.elementor-widget-text-editor.elementor-drop-cap-view-stacked .elementor-drop-cap{background-color:var( --e-global-color-primary );}.elementor-widget-text-editor.elementor-drop-cap-view-framed .elementor-drop-cap, .elementor-widget-text-editor.elementor-drop-cap-view-default .elementor-drop-cap{color:var( --e-global-color-primary );border-color:var( --e-global-color-primary );}.elementor-598 .elementor-element.elementor-element-e2b8f7b > .elementor-widget-container{padding:0px 200px 0px 0px;}.elementor-598 .elementor-element.elementor-element-e2b8f7b{text-align:left;font-family:\"Segoe UI\", Sans-serif;font-size:20px;font-weight:500;}.elementor-widget-button .elementor-button{background-color:var( --e-global-color-accent );font-family:var( --e-global-typography-accent-font-family ), Sans-serif;font-weight:var( --e-global-typography-accent-font-weight );}.elementor-598 .elementor-element.elementor-element-3df590f .elementor-button{background-color:var( --e-global-color-c258a1f );font-family:\"Abril Fatface\", Sans-serif;font-size:40px;font-weight:500;border-radius:100px 100px 100px 100px;padding:50px 30px 50px 30px;}.elementor-598 .elementor-element.elementor-element-3df590f > .elementor-widget-container{margin:0px 0px 0px 0px;}.elementor-598 .elementor-element.elementor-element-2f03a75 > .elementor-element-populated{padding:0px 0px 0px 0px;}.elementor-598 .elementor-element.elementor-element-703aacc > .elementor-element-populated{padding:0px 0px 0px 0px;}.elementor-widget-image .widget-image-caption{color:var( --e-global-color-text );font-family:var( --e-global-typography-text-font-family ), Sans-serif;font-weight:var( --e-global-typography-text-font-weight );}.elementor-598 .elementor-element.elementor-element-c225dc7 img{width:100%;transition-duration:0.2s;}.elementor-598 .elementor-element.elementor-element-c225dc7:hover img{filter:brightness( 35% ) contrast( 100% ) saturate( 100% ) blur( 0px ) hue-rotate( 0deg );}.elementor-598 .elementor-element.elementor-element-2329b46 > .elementor-widget-container{margin:-190px 0px 0px 0px;}.elementor-598 .elementor-element.elementor-element-2329b46{z-index:4;}.elementor-598 .elementor-element.elementor-element-2329b46 img{width:80%;}.elementor-bc-flex-widget .elementor-598 .elementor-element.elementor-element-d850918.elementor-column .elementor-widget-wrap{align-items:center;}.elementor-598 .elementor-element.elementor-element-d850918.elementor-column.elementor-element[data-element_type=\"column\"] > .elementor-widget-wrap.elementor-element-populated{align-content:center;align-items:center;}.elementor-598 .elementor-element.elementor-element-d850918 > .elementor-element-populated{margin:0px 0px 0px 0px;--e-column-margin-right:0px;--e-column-margin-left:0px;padding:0px 0px 0px 0px;}@media(min-width:768px){.elementor-598 .elementor-element.elementor-element-fc84283{width:49.944%;}.elementor-598 .elementor-element.elementor-element-2f03a75{width:50.056%;}.elementor-598 .elementor-element.elementor-element-703aacc{width:54.471%;}.elementor-598 .elementor-element.elementor-element-d850918{width:45.529%;}}@media(max-width:1024px) and (min-width:768px){.elementor-598 .elementor-element.elementor-element-8f0f02c{width:100%;}.elementor-598 .elementor-element.elementor-element-fc84283{width:100%;}.elementor-598 .elementor-element.elementor-element-2f03a75{width:100%;}.elementor-598 .elementor-element.elementor-element-703aacc{width:50%;}.elementor-598 .elementor-element.elementor-element-d850918{width:50%;}}@media(max-width:1366px){.elementor-598 .elementor-element.elementor-element-4ca7291 .elementor-heading-title{font-size:70px;}.elementor-598 .elementor-element.elementor-element-e2b8f7b{font-size:18px;line-height:25px;}.elementor-598 .elementor-element.elementor-element-3df590f .elementor-button{font-size:25px;padding:30px 20px 30px 20px;}.elementor-bc-flex-widget .elementor-598 .elementor-element.elementor-element-2f03a75.elementor-column .elementor-widget-wrap{align-items:flex-end;}.elementor-598 .elementor-element.elementor-element-2f03a75.elementor-column.elementor-element[data-element_type=\"column\"] > .elementor-widget-wrap.elementor-element-populated{align-content:flex-end;align-items:flex-end;}}@media(max-width:1200px){.elementor-bc-flex-widget .elementor-598 .elementor-element.elementor-element-2f03a75.elementor-column .elementor-widget-wrap{align-items:center;}.elementor-598 .elementor-element.elementor-element-2f03a75.elementor-column.elementor-element[data-element_type=\"column\"] > .elementor-widget-wrap.elementor-element-populated{align-content:center;align-items:center;}.elementor-bc-flex-widget .elementor-598 .elementor-element.elementor-element-703aacc.elementor-column .elementor-widget-wrap{align-items:center;}.elementor-598 .elementor-element.elementor-element-703aacc.elementor-column.elementor-element[data-element_type=\"column\"] > .elementor-widget-wrap.elementor-element-populated{align-content:center;align-items:center;}.elementor-598 .elementor-element.elementor-element-2329b46 img{width:100px;}.elementor-598 .elementor-element.elementor-element-d850918 > .elementor-element-populated{padding:0px 20px 0px 20px;}}@media(max-width:1024px){.elementor-598 .elementor-element.elementor-element-8f0f02c > .elementor-element-populated{padding:50px 50px 50px 50px;}.elementor-598 .elementor-element.elementor-element-fc84283 > .elementor-element-populated{padding:50px 50px 50px 50px;}.elementor-598 .elementor-element.elementor-element-4ca7291{text-align:left;}.elementor-598 .elementor-element.elementor-element-e2b8f7b{width:auto;max-width:auto;text-align:left;}.elementor-598 .elementor-element.elementor-element-3df590f{width:auto;max-width:auto;}.elementor-598 .elementor-element.elementor-element-3df590f > .elementor-widget-container{margin:0px 0px 0px 0px;}.elementor-598 .elementor-element.elementor-element-68fe820{padding:0px 50px 0px 50px;}.elementor-598 .elementor-element.elementor-element-d850918 > .elementor-element-populated{margin:0px 0px 0px 0px;--e-column-margin-right:0px;--e-column-margin-left:0px;padding:0px 0px 0px 0px;}.elementor-598 .elementor-element.elementor-element-c3f7363 > .elementor-widget-container{margin:0px 0px 0px 0px;padding:0px 0px 0px 0px;}}@media(max-width:767px){.elementor-598 .elementor-element.elementor-element-8f0f02c > .elementor-element-populated{padding:20px 20px 20px 20px;}.elementor-598 .elementor-element.elementor-element-fc84283 > .elementor-element-populated{padding:20px 20px 20px 20px;}.elementor-598 .elementor-element.elementor-element-4ca7291 .elementor-heading-title{font-size:50px;}.elementor-598 .elementor-element.elementor-element-e2b8f7b > .elementor-widget-container{padding:0px 0px 0px 0px;}.elementor-598 .elementor-element.elementor-element-3df590f > .elementor-widget-container{margin:0px 0px 0px 0px;}.elementor-598 .elementor-element.elementor-element-3df590f .elementor-button{font-size:18px;padding:30px 20px 30px 20px;}.elementor-598 .elementor-element.elementor-element-2f03a75 > .elementor-element-populated{margin:0px 0px 0px 0px;--e-column-margin-right:0px;--e-column-margin-left:0px;padding:0px 0px 0px 0px;}.elementor-598 .elementor-element.elementor-element-68fe820{padding:0px 20px 0px 20px;}}<\/style><div class=\"jet-listing-grid__item jet-listing-dynamic-post-602\" data-post-id=\"602\" >\t\t<div data-elementor-type=\"jet-listing-items\" data-elementor-id=\"598\" class=\"elementor elementor-598\">\n\t\t\t\t\t\t<section class=\"elementor-section elementor-top-section elementor-element elementor-element-391d5ef elementor-section-boxed elementor-section-height-default elementor-section-height-default\" data-id=\"391d5ef\" data-element_type=\"section\" data-settings=\"{&quot;jet_parallax_layout_list&quot;:[]}\">\n\t\t\t\t\t\t<div class=\"elementor-container elementor-column-gap-default\">\n\t\t\t\t\t<div class=\"elementor-column elementor-col-100 elementor-top-column elementor-element elementor-element-8f0f02c\" data-id=\"8f0f02c\" data-element_type=\"column\">\n\t\t\t<div class=\"elementor-widget-wrap elementor-element-populated\">\n\t\t\t\t\t\t<div class=\"elementor-element elementor-element-6d90837 elementor-widget elementor-widget-video\" data-id=\"6d90837\" data-element_type=\"widget\" data-settings=\"{&quot;video_type&quot;:&quot;hosted&quot;,&quot;controls&quot;:&quot;yes&quot;}\" data-widget_type=\"video.default\">\n\t\t\t\t<div class=\"elementor-widget-container\">\n\t\t\t\t\t\t\t<div class=\"e-hosted-video elementor-wrapper elementor-open-inline\">\n\t\t\t\t\t<video class=\"elementor-video\" src=\"https:\/\/fernande-lescarret.com\/wp-content\/uploads\/2022\/07\/voletFormation.mp4\" controls=\"\" preload=\"metadata\" controlsList=\"nodownload\"><\/video>\n\t\t\t\t<\/div>\n\t\t\t\t\t\t<\/div>\n\t\t\t\t<\/div>\n\t\t\t\t\t<\/div>\n\t\t<\/div>\n\t\t\t\t\t<\/div>\n\t\t<\/section>\n\t\t\t\t<section class=\"elementor-section elementor-top-section elementor-element elementor-element-78a98ba elementor-section-boxed elementor-section-height-default elementor-section-height-default\" data-id=\"78a98ba\" data-element_type=\"section\" data-settings=\"{&quot;jet_parallax_layout_list&quot;:[]}\">\n\t\t\t\t\t\t<div class=\"elementor-container elementor-column-gap-default\">\n\t\t\t\t\t<div class=\"elementor-column elementor-col-50 elementor-top-column elementor-element elementor-element-fc84283\" data-id=\"fc84283\" data-element_type=\"column\">\n\t\t\t<div class=\"elementor-widget-wrap elementor-element-populated\">\n\t\t\t\t\t\t<div class=\"elementor-element elementor-element-4ca7291 elementor-widget elementor-widget-heading\" data-id=\"4ca7291\" data-element_type=\"widget\" data-widget_type=\"heading.default\">\n\t\t\t\t<div class=\"elementor-widget-container\">\n\t\t\t\t\t<h2 class=\"elementor-heading-title elementor-size-default\">Formation Praticien Kintsugi Breathwork<\/h2>\t\t\t\t<\/div>\n\t\t\t\t<\/div>\n\t\t\t\t<div class=\"elementor-element elementor-element-e2b8f7b elementor-widget-tablet__width-auto elementor-widget elementor-widget-text-editor\" data-id=\"e2b8f7b\" data-element_type=\"widget\" data-widget_type=\"text-editor.default\">\n\t\t\t\t<div class=\"elementor-widget-container\">\n\t\t\t\t\t\t\t\t\t<p>Une Formation pour les Praticiens ou pour une exp\u00e9rience personnelle.<\/p>\n<p>Une Trans_Mission pour venir lib\u00e9rer, embellir et mettre de l&#8217;Or sur vos blessures.<\/p>\n<p>\u2713 Kintsugi, une approche de Gu\u00e9rison Japonnaise.<br \/>\n\u2713 L&#8217;acupressure pour une Lib\u00e9ration du Stress.<br \/>\n\u2713 Breathwork, Rebirth, souffle de Transformation \u00e0 travers une Respiration Holotropique, puissant outil vibratoire.<br \/>\n\u2713 Vibre Ta Voix(e) une Soin \u00c9nerg\u00e9tique pour une Ouverture du Chakra C\u0153ur et Gorge<\/p>\n<p>\ud83e\ude84 Une journ\u00e9e pour acqu\u00e9rir des outils que vous pouvez de suite proposer lors de vos accompagnements.<\/p>\n<p>Manuel complet, fiches pratiques, playlists, un Certificat, une Int\u00e9gration au Groupe Praticiens, voil\u00e0 un Fabuleux Voyage que vous pourriez vous offrir \u00e0 Vous m&#8217;Aime lors de cette journ\u00e9e.<\/p>\n\t\t\t\t\t\t\t\t<\/div>\n\t\t\t\t<\/div>\n\t\t\t\t\t<\/div>\n\t\t<\/div>\n\t\t\t\t<div class=\"elementor-column elementor-col-50 elementor-top-column elementor-element elementor-element-2f03a75\" data-id=\"2f03a75\" data-element_type=\"column\">\n\t\t\t<div class=\"elementor-widget-wrap elementor-element-populated\">\n\t\t\t\t\t\t<section class=\"elementor-section elementor-inner-section elementor-element elementor-element-68fe820 elementor-section-boxed elementor-section-height-default elementor-section-height-default\" data-id=\"68fe820\" data-element_type=\"section\" data-settings=\"{&quot;jet_parallax_layout_list&quot;:[]}\">\n\t\t\t\t\t\t<div class=\"elementor-container elementor-column-gap-default\">\n\t\t\t\t\t<div class=\"elementor-column elementor-col-50 elementor-inner-column elementor-element elementor-element-703aacc\" data-id=\"703aacc\" data-element_type=\"column\">\n\t\t\t<div class=\"elementor-widget-wrap elementor-element-populated\">\n\t\t\t\t\t\t<div class=\"elementor-element elementor-element-c225dc7 elementor-widget elementor-widget-image\" data-id=\"c225dc7\" data-element_type=\"widget\" data-widget_type=\"image.default\">\n\t\t\t\t<div class=\"elementor-widget-container\">\n\t\t\t\t\t\t\t\t\t\t\t\t\t\t\t<img fetchpriority=\"high\" decoding=\"async\" width=\"940\" height=\"788\" src=\"https:\/\/fernande-lescarret.com\/wp-content\/uploads\/2022\/07\/kinf1.jpeg\" class=\"attachment-large size-large wp-image-603\" alt=\"\" srcset=\"https:\/\/fernande-lescarret.com\/wp-content\/uploads\/2022\/07\/kinf1.jpeg 940w, https:\/\/fernande-lescarret.com\/wp-content\/uploads\/2022\/07\/kinf1-300x251.jpeg 300w, https:\/\/fernande-lescarret.com\/wp-content\/uploads\/2022\/07\/kinf1-768x644.jpeg 768w\" sizes=\"(max-width: 940px) 100vw, 940px\" \/>\t\t\t\t\t\t\t\t\t\t\t\t\t\t\t<\/div>\n\t\t\t\t<\/div>\n\t\t\t\t<div class=\"elementor-element elementor-element-2329b46 elementor-widget elementor-widget-image\" data-id=\"2329b46\" data-element_type=\"widget\" data-widget_type=\"image.default\">\n\t\t\t\t<div class=\"elementor-widget-container\">\n\t\t\t\t\t\t\t\t\t\t\t\t\t\t\t<img decoding=\"async\" width=\"160\" height=\"160\" src=\"https:\/\/fernande-lescarret.com\/wp-content\/uploads\/2022\/04\/Groupe-123.png\" class=\"attachment-large size-large wp-image-212\" alt=\"\" srcset=\"https:\/\/fernande-lescarret.com\/wp-content\/uploads\/2022\/04\/Groupe-123.png 160w, https:\/\/fernande-lescarret.com\/wp-content\/uploads\/2022\/04\/Groupe-123-150x150.png 150w\" sizes=\"(max-width: 160px) 100vw, 160px\" \/>\t\t\t\t\t\t\t\t\t\t\t\t\t\t\t<\/div>\n\t\t\t\t<\/div>\n\t\t\t\t\t<\/div>\n\t\t<\/div>\n\t\t\t\t<div class=\"elementor-column elementor-col-50 elementor-inner-column elementor-element elementor-element-d850918\" data-id=\"d850918\" data-element_type=\"column\">\n\t\t\t<div class=\"elementor-widget-wrap elementor-element-populated\">\n\t\t\t\t\t\t<div class=\"elementor-element elementor-element-c3f7363 elementor-widget elementor-widget-image\" data-id=\"c3f7363\" data-element_type=\"widget\" data-widget_type=\"image.default\">\n\t\t\t\t<div class=\"elementor-widget-container\">\n\t\t\t\t\t\t\t\t\t\t\t\t\t\t\t<img decoding=\"async\" width=\"940\" height=\"788\" src=\"https:\/\/fernande-lescarret.com\/wp-content\/uploads\/2022\/07\/kinf2.jpeg\" class=\"attachment-large size-large wp-image-604\" alt=\"\" srcset=\"https:\/\/fernande-lescarret.com\/wp-content\/uploads\/2022\/07\/kinf2.jpeg 940w, https:\/\/fernande-lescarret.com\/wp-content\/uploads\/2022\/07\/kinf2-300x251.jpeg 300w, https:\/\/fernande-lescarret.com\/wp-content\/uploads\/2022\/07\/kinf2-768x644.jpeg 768w\" sizes=\"(max-width: 940px) 100vw, 940px\" \/>\t\t\t\t\t\t\t\t\t\t\t\t\t\t\t<\/div>\n\t\t\t\t<\/div>\n\t\t\t\t\t<\/div>\n\t\t<\/div>\n\t\t\t\t\t<\/div>\n\t\t<\/section>\n\t\t\t\t\t<\/div>\n\t\t<\/div>\n\t\t\t\t\t<\/div>\n\t\t<\/section>\n\t\t\t\t<\/div>\n\t\t<\/div><\/div><\/div>\t\t\t\t<\/div>\n\t\t\t\t<\/div>\n\t\t\t\t\t<\/div>\n\t\t<\/div>\n\t\t\t\t\t<\/div>\n\t\t<\/section>\n\t\t\t\t\t<\/div>\n\t\t<\/div>\n\t\t\t\t\t<\/div>\n\t\t<\/section>\n\t\t\t\t<\/div>\n\t\t","protected":false},"excerpt":{"rendered":"<p>Mes Formations<\/p>\n","protected":false},"author":1,"featured_media":0,"parent":0,"menu_order":0,"comment_status":"closed","ping_status":"closed","template":"","meta":{"_monsterinsights_skip_tracking":false,"_monsterinsights_sitenote_active":false,"_monsterinsights_sitenote_note":"","_monsterinsights_sitenote_category":0,"site-sidebar-layout":"no-sidebar","site-content-layout":"page-builder","ast-global-header-display":"","ast-main-header-display":"","ast-hfb-above-header-display":"","ast-hfb-below-header-display":"","ast-hfb-mobile-header-display":"","site-post-title":"disabled","ast-breadcrumbs-content":"","ast-featured-img":"disabled","footer-sml-layout":"","theme-transparent-header-meta":"","adv-header-id-meta":"","stick-header-meta":"","header-above-stick-meta":"","header-main-stick-meta":"","header-below-stick-meta":"","footnotes":""},"aioseo_notices":[],"_links":{"self":[{"href":"https:\/\/fernande-lescarret.com\/index.php\/wp-json\/wp\/v2\/pages\/596"}],"collection":[{"href":"https:\/\/fernande-lescarret.com\/index.php\/wp-json\/wp\/v2\/pages"}],"about":[{"href":"https:\/\/fernande-lescarret.com\/index.php\/wp-json\/wp\/v2\/types\/page"}],"author":[{"embeddable":true,"href":"https:\/\/fernande-lescarret.com\/index.php\/wp-json\/wp\/v2\/users\/1"}],"replies":[{"embeddable":true,"href":"https:\/\/fernande-lescarret.com\/index.php\/wp-json\/wp\/v2\/comments?post=596"}],"version-history":[{"count":8,"href":"https:\/\/fernande-lescarret.com\/index.php\/wp-json\/wp\/v2\/pages\/596\/revisions"}],"predecessor-version":[{"id":628,"href":"https:\/\/fernande-lescarret.com\/index.php\/wp-json\/wp\/v2\/pages\/596\/revisions\/628"}],"wp:attachment":[{"href":"https:\/\/fernande-lescarret.com\/index.php\/wp-json\/wp\/v2\/media?parent=596"}],"curies":[{"name":"wp","href":"https:\/\/api.w.org\/{rel}","templated":true}]}}